{"id":102,"date":"2018-01-16T21:51:21","date_gmt":"2018-01-16T19:51:21","guid":{"rendered":"https:\/\/thesis.science.upjs.sk\/~rstana\/?page_id=102"},"modified":"2019-08-27T22:09:33","modified_gmt":"2019-08-27T20:09:33","slug":"graduationthesis","status":"publish","type":"page","link":"https:\/\/thesis.science.upjs.sk\/~rstana\/graduationthesis\/","title":{"rendered":"graduationThesis"},"content":{"rendered":"<p><strong>Title<\/strong>:<\/p>\n<p>Managing SW products using HCI components<\/p>\n<p><strong>Description:<\/strong><\/p>\n<p>In this thesis we are trying to detect speech using a video camera (VVAD - Visual Voice Activity Detection). By using the Dlib library, we get the position of the face and points on the face from the camera image. Subsequently, we get information about\u00a0 peech from the lip aspect ratio. We create a dynamic C++ library that we eventually test on several pairs of training and test videos.<\/p>\n<p><strong>Goals<\/strong>:<\/p>\n<ol>\n<li>Analyzova\u0165 existuj\u00face pr\u00edstupy k riadeniu SW produktov pomocou HCI komponentov.<\/li>\n<li>Navrhn\u00fa\u0165 vlastn\u00e9 HCI komponenty a vhodn\u00fdm sp\u00f4sobom ich implementova\u0165.<\/li>\n<li>Pok\u00fasi\u0165 sa pilotne implementova\u0165 vytvoren\u00e9 komponenty do existuj\u00facich produktov.<\/li>\n<\/ol>\n<p><u><strong><a href=\"https:\/\/thesis.science.upjs.sk\/~rstana\/wp-content\/uploads\/2019\/08\/Riadenie-softv\u00e9rov\u00fdch-produktov-pomocou-HCI-komponentov.pptx\">Presentation<\/a><\/strong><\/u><\/p>\n<p><u><strong><a href=\"https:\/\/thesis.science.upjs.sk\/~rstana\/wp-content\/uploads\/2019\/08\/mgr.pdf\">Thesis<\/a><\/strong><\/u><\/p>\n\n\n<p><\/p>\n","protected":false},"excerpt":{"rendered":"<p>Title: Managing SW products using HCI components Description: In this thesis we are trying to detect speech using a video camera (VVAD &#8211; Visual Voice Activity Detection). By using the Dlib library, we get the position of the face and points on the face from the camera image. Subsequently, we get information about\u00a0 peech from [&hellip;]<\/p>\n","protected":false},"author":1,"featured_media":0,"parent":0,"menu_order":0,"comment_status":"closed","ping_status":"closed","template":"","meta":[],"_links":{"self":[{"href":"https:\/\/thesis.science.upjs.sk\/~rstana\/wp-json\/wp\/v2\/pages\/102"}],"collection":[{"href":"https:\/\/thesis.science.upjs.sk\/~rstana\/wp-json\/wp\/v2\/pages"}],"about":[{"href":"https:\/\/thesis.science.upjs.sk\/~rstana\/wp-json\/wp\/v2\/types\/page"}],"author":[{"embeddable":true,"href":"https:\/\/thesis.science.upjs.sk\/~rstana\/wp-json\/wp\/v2\/users\/1"}],"replies":[{"embeddable":true,"href":"https:\/\/thesis.science.upjs.sk\/~rstana\/wp-json\/wp\/v2\/comments?post=102"}],"version-history":[{"count":10,"href":"https:\/\/thesis.science.upjs.sk\/~rstana\/wp-json\/wp\/v2\/pages\/102\/revisions"}],"predecessor-version":[{"id":251,"href":"https:\/\/thesis.science.upjs.sk\/~rstana\/wp-json\/wp\/v2\/pages\/102\/revisions\/251"}],"wp:attachment":[{"href":"https:\/\/thesis.science.upjs.sk\/~rstana\/wp-json\/wp\/v2\/media?parent=102"}],"curies":[{"name":"wp","href":"https:\/\/api.w.org\/{rel}","templated":true}]}}